{"id":1820,"date":"2017-04-26T17:18:09","date_gmt":"2017-04-26T15:18:09","guid":{"rendered":"http:\/\/www.marenostrum-film.ch\/en\/david-sagastume-spanien\/"},"modified":"2025-10-03T10:44:23","modified_gmt":"2025-10-03T08:44:23","slug":"david-sagastume-spanien","status":"publish","type":"page","link":"https:\/\/www.marenostrum-film.ch\/en\/david-sagastume-spanien\/","title":{"rendered":"David Sagastume, Spain"},"content":{"rendered":"\n<p>Born in Vitoria-Gasteiz (Spain) in 1972, studied cello at the Conservatorio Superior de M\u00fasica Jes\u00fas Guridi (High Graduated Music School) of Vitoria-Gasteiz with the teachers Gabriel Negoescu and Fran\u00e7ois Monciero obtaining the honor prize in the final exam. At the same time, he also studied viola da gamba, chamber music and composition. He has received advice from important teachers like Sigfried Palm, Laurentiuu Sbarcea and Jose Luis Estell\u00e9s.<\/p>\n\n\n\n<p>He combines his studies with interventions such as instrumentalist member of Jesus Guridi Instrumental Ensemble. For several years he has belonged to the Youth Orchestra Euskal Herria EGO, and has collaborated regularly with the Symphony Orchestra of Euskadi.<\/p>\n\n\n\n<figure class=\"wp-block-image size-large is-resized\"><a href=\"https:\/\/www.marenostrum-film.ch\/wp-content\/uploads\/2025\/10\/Davide-Sagastume-scaled.png\"><img loading=\"lazy\" decoding=\"async\" width=\"1024\" height=\"632\" src=\"https:\/\/www.marenostrum-film.ch\/wp-content\/uploads\/2025\/10\/Davide-Sagastume-1024x632.png\" alt=\"\" class=\"wp-image-2654\" style=\"width:600px;height:auto\" srcset=\"https:\/\/www.marenostrum-film.ch\/wp-content\/uploads\/2025\/10\/Davide-Sagastume-1024x632.png 1024w, https:\/\/www.marenostrum-film.ch\/wp-content\/uploads\/2025\/10\/Davide-Sagastume-300x185.png 300w, https:\/\/www.marenostrum-film.ch\/wp-content\/uploads\/2025\/10\/Davide-Sagastume-768x474.png 768w, https:\/\/www.marenostrum-film.ch\/wp-content\/uploads\/2025\/10\/Davide-Sagastume-1536x948.png 1536w, https:\/\/www.marenostrum-film.ch\/wp-content\/uploads\/2025\/10\/Davide-Sagastume-2048x1264.png 2048w\" sizes=\"auto, (max-width: 1024px) 100vw, 1024px\" \/><\/a><\/figure>\n\n\n\n<p>In parallel, he starts working as a countertenor with Isabel Alvarez, studies continue to R. Levitt and Carlos Mena. Acting in the usual way with Capella Reial de Catalunya, directed by Jordi Savall, participating in various productions such as L&#8217;Orfeo by Claudio Monteverdi, Vespre of the Blessed Virgin and Mass in B minor by JS Bach. He has performed in various festivals like the International Flanders, the Fontebreau, San Sebastian Musical Fortnight, Semana de M\u00fasica Religiosa de Cuenca (Religios music week of Cuenca, Spain), Salamanca-2002, Styriarte Graz or Berkeley Festival.<\/p>\n\n\n\n<figure class=\"wp-block-embed is-type-video is-provider-youtube wp-block-embed-youtube wp-embed-aspect-16-9 wp-has-aspect-ratio\"><div class=\"wp-block-embed__wrapper\">\n<iframe loading=\"lazy\" title=\"El pan de la aflicci\u00f3n (Jordi Savall, Mare Nostrum)\" width=\"500\" height=\"281\" src=\"https:\/\/www.youtube.com\/embed\/_pGLKj1K6ew?feature=oembed\" frameborder=\"0\" allow=\"accelerometer; autoplay; clipboard-write; encrypted-media; gyroscope; picture-in-picture; web-share\" referrerpolicy=\"strict-origin-when-cross-origin\" allowfullscreen><\/iframe>\n<\/div><\/figure>\n\n\n\n<p>He is a founding member of the group&nbsp;Intonationesmainly specialized in the interpretation of the polyphonic repertory of the Spanish XVIth and XVIIth centuries.<\/p>\n\n\n\n<p>&nbsp;<\/p>\n","protected":false},"excerpt":{"rendered":"<p>Born in Vitoria-Gasteiz (Spain) in 1972, studied cello at the Conservatorio Superior de M\u00fasica Jes\u00fas Guridi (High Graduated Music School) of Vitoria-Gasteiz with the teachers Gabriel Negoescu and Fran\u00e7ois Monciero obtaining the honor prize in the final exam. At the same time, he also studied viola da gamba, chamber music and composition. He has received [&hellip;]<\/p>\n","protected":false},"author":2,"featured_media":0,"parent":0,"menu_order":0,"comment_status":"closed","ping_status":"closed","template":"","meta":{"_acf_changed":false,"footnotes":""},"class_list":["post-1820","page","type-page","status-publish","hentry"],"acf":[],"_links":{"self":[{"href":"https:\/\/www.marenostrum-film.ch\/en\/wp-json\/wp\/v2\/pages\/1820","targetHints":{"allow":["GET"]}}],"collection":[{"href":"https:\/\/www.marenostrum-film.ch\/en\/wp-json\/wp\/v2\/pages"}],"about":[{"href":"https:\/\/www.marenostrum-film.ch\/en\/wp-json\/wp\/v2\/types\/page"}],"author":[{"embeddable":true,"href":"https:\/\/www.marenostrum-film.ch\/en\/wp-json\/wp\/v2\/users\/2"}],"replies":[{"embeddable":true,"href":"https:\/\/www.marenostrum-film.ch\/en\/wp-json\/wp\/v2\/comments?post=1820"}],"version-history":[{"count":4,"href":"https:\/\/www.marenostrum-film.ch\/en\/wp-json\/wp\/v2\/pages\/1820\/revisions"}],"predecessor-version":[{"id":2661,"href":"https:\/\/www.marenostrum-film.ch\/en\/wp-json\/wp\/v2\/pages\/1820\/revisions\/2661"}],"wp:attachment":[{"href":"https:\/\/www.marenostrum-film.ch\/en\/wp-json\/wp\/v2\/media?parent=1820"}],"curies":[{"name":"wp","href":"https:\/\/api.w.org\/{rel}","templated":true}]}}

<p>Born in Vitoria-Gasteiz (Spain) in 1972, studied cello at the Conservatorio Superior de Música Jesús Guridi (High Graduated Music School) of Vitoria-Gasteiz with the teachers Gabriel Negoescu and François Monciero obtaining the honor prize in the final exam. At the same time, he also studied viola da gamba, chamber music and composition. He has received advice from important teachers like Sigfried Palm, Laurentiuu Sbarcea and Jose Luis Estellés.</p>



<p>He combines his studies with interventions such as instrumentalist member of Jesus Guridi Instrumental Ensemble. For several years he has belonged to the Youth Orchestra Euskal Herria EGO, and has collaborated regularly with the Symphony Orchestra of Euskadi.</p>



<figure class="wp-block-image size-large is-resized"><a href="https://www.marenostrum-film.ch/wp-content/uploads/2025/10/Davide-Sagastume-scaled.png"><img loading="lazy" decoding="async" width="1024" height="632" src="https://www.marenostrum-film.ch/wp-content/uploads/2025/10/Davide-Sagastume-1024x632.png" alt="" class="wp-image-2654" style="width:600px;height:auto" srcset="https://www.marenostrum-film.ch/wp-content/uploads/2025/10/Davide-Sagastume-1024x632.png 1024w, https://www.marenostrum-film.ch/wp-content/uploads/2025/10/Davide-Sagastume-300x185.png 300w, https://www.marenostrum-film.ch/wp-content/uploads/2025/10/Davide-Sagastume-768x474.png 768w, https://www.marenostrum-film.ch/wp-content/uploads/2025/10/Davide-Sagastume-1536x948.png 1536w, https://www.marenostrum-film.ch/wp-content/uploads/2025/10/Davide-Sagastume-2048x1264.png 2048w" sizes="auto, (max-width: 1024px) 100vw, 1024px" /></a></figure>



<p>In parallel, he starts working as a countertenor with Isabel Alvarez, studies continue to R. Levitt and Carlos Mena. Acting in the usual way with Capella Reial de Catalunya, directed by Jordi Savall, participating in various productions such as L&#8217;Orfeo by Claudio Monteverdi, Vespre of the Blessed Virgin and Mass in B minor by JS Bach. He has performed in various festivals like the International Flanders, the Fontebreau, San Sebastian Musical Fortnight, Semana de Música Religiosa de Cuenca (Religios music week of Cuenca, Spain), Salamanca-2002, Styriarte Graz or Berkeley Festival.</p>



<figure class="wp-block-embed is-type-video is-provider-youtube wp-block-embed-youtube wp-embed-aspect-16-9 wp-has-aspect-ratio"><div class="wp-block-embed__wrapper">
<iframe loading="lazy" title="El pan de la aflicción (Jordi Savall, Mare Nostrum)" width="500" height="281" src="https://www.youtube.com/embed/_pGLKj1K6ew?feature=oembed" frameborder="0" allow="accelerometer; autoplay; clipboard-write; encrypted-media; gyroscope; picture-in-picture; web-share" referrerpolicy="strict-origin-when-cross-origin" allowfullscreen></iframe>
</div></figure>



<p>He is a founding member of the group&nbsp;Intonationesmainly specialized in the interpretation of the polyphonic repertory of the Spanish XVIth and XVIIth centuries.</p>



<p>&nbsp;</p>

<p>Born in Vitoria-Gasteiz (Spain) in 1972, studied cello at the Conservatorio Superior de Música Jesús Guridi (High Graduated Music School) of Vitoria-Gasteiz with the teachers Gabriel Negoescu and François Monciero obtaining the honor prize in the final exam. At the same time, he also studied viola da gamba, chamber music and composition. He has received [&hellip;]</p>
